 Let k(x) = x**3 - 4*x**2 + 2*x - 4. Determine k(o).
-7
Suppose 0*p + 4*p = 3*a - 4, -3*a + 16 = 2*p. Suppose -5 = -5*q - 2*m, 2*q + m + 17 = a*m. Let y = q - -1. Let l(k) = k + 2. What is l(y)?
2
Let o(a) be the second derivative of a**4/12 + 7*a**3/6 + 3*a**2/2 + 2*a. What is o(-5)?
-7
Let f(h) = h - 7. Let a = -11 - -8. Let r be (30/(-9) - -2)*a. Suppose -x - r*x = -25. Give f(x).
-2
Let v = -9 - -9. Let q(k) = -8*k**2 + 7 + 4*k**2 - 1. Let h(f) = 5*f**2 - 7. Let x(m) = -3*h(m) - 4*q(m). What is x(v)?
-3
Suppose -5*g = -0 + 20. Let y = g + 6. Let d(r) = 1 + 5*r - 4*r - 2. Give d(y).
1
Let r = 8 + -14. Let p = r - -5. Let l be 6/((3/2)/p). Let o(k) = 4*k + 5. What is o(l)?
-11
Let j(c) be the third derivative of -c**6/120 - c**5/20 - c**3/3 - 4*c**2. Give j(-3).
-2
Let x(l) = l**2 + 8*l + 11. Suppose -10*q = 86 - 6. What is x(q)?
11
Let l(g) = -2*g**2 + 2*g - 3. Let v be l(2). Let z(b) = -3 + 3 - b - 2. Let d be z(v). Let q(i) = -i + 4. Calculate q(d).
-1
Let v(w) = -5*w + 1. Suppose -15*c + 6 - 51 = 0. Determine v(c).
16
Let w(h) be the second derivative of 2*h + 0*h**3 + 0 - 1/12*h**4 + 0*h**2 + 1/720*h**6 - 1/60*h**5. Let t(p) be the third derivative of w(p). Calculate t(2).
0
Let c(s) = 2*s**2 - 4*s + 3. Let z be c(2). Let r(o) = -o - 7 + 5*o - z*o. Determine r(5).
-2
Let w be (-3)/(3/2) + 2. Let y(b) = -b**3. Let k(q) = 0*q + 4*q**3 + 0*q - q**3. Let s(u) = k(u) + 2*y(u). Calculate s(w).
0
Let j(q) = q**2 - 2*q + 3. Let y(m) = m**2 + 2*m + 2. Let z be y(-4). Suppose -15 - z = -5*v. Suppose -v + 15 = 5*p. Calculate j(p).
3
Let q(h) be the first derivative of 3*h**2/2 + 6*h - 19. Calculate q(-4).
-6
Let y(t) = 2*t**2 - 1. Let x be (1 + 2)/(3 - 2). Suppose -2*v = d - 2, 3*v = -4*d + 3*d + x. Determine y(v).
1
Suppose -2 + 18 = 4*x. Let j be (2/x)/((-3)/24). Let m(b) = -5*b - 6. Give m(j).
14
Let i(n) = -3*n + 33 - 34 - 2*n. Calculate i(-4).
19
Suppose -2*u = 3*u - 5. Let z = u - 10. Let t be (-6)/z + (-26)/(-6). Let h(f) = f**2 - 6*f + 4. Calculate h(t).
-1
Let s(q) = 3*q**3 + 9*q**2 + 5*q + 8. Let b(o) = 4*o - 2*o**3 - 7*o - 7 - 5*o**2 + 3. Let m(u) = -5*b(u) - 3*s(u). Give m(3).
5
Let r(d) = d - 4. Suppose 42 = 3*l + 5*z, -l + 4*z + z = 6. Let o be r(l). Suppose -8 = -o*x + 7, -3*a = -5*x + 3. Let t(p) = -p**2 + 4*p + 3. Give t(a).
3
Let j(p) = p**3 - 2*p**2 - 3*p + 1. Let r be (0 + 1)/((-3)/(-9)). Give j(r).
1
Let i(u) = -u**3 + u + 1. Let c = 6 - 7. Let v(t) = 2*t**2 + t. Let g be v(c). Suppose 0*n + g = -n. What is i(n)?
1
Let d(r) = -8*r + 7. Let x(s) = s. Let o(i) = d(i) + 4*x(i). Determine o(5).
-13
Suppose -3 = -2*o - 5*q - 2, -q - 27 = -3*o. Let u(j) = -j**2 + 6*j + 11. Let h be u(o). Let v(z) = -z - 3. Give v(h).
2
Let u(x) = -3*x**2 - 3*x + 5. Let v(m) = -m**2 + m + 1. Let a(w) = -u(w) + 2*v(w). Give a(-5).
-3
Let h(m) be the first derivative of m**7/840 - m**6/90 - m**5/20 - m**4/12 + m**3/3 + 2. Let l(w) be the third derivative of h(w). Calculate l(5).
-7
Let s(v) = v**2 + 10*v - 8. Let b = -171 - -162. Calculate s(b).
-17
Let i(l) be the first derivative of -15*l**4/4 + l + 47. What is i(-1)?
16
Let k(g) = -g**3 - 9*g**2 - 4*g - 1. Let d(b) = b**3 + 10*b**2 + 4*b. Let c(x) = 3*d(x) + 4*k(x). What is c(-5)?
-9
Suppose 5*p - 2*j - 2 = 4*p, 4*j - 36 = -2*p. Let a be (-20)/(-2)*p/25. Let g(f) = a*f - 7 - 3*f - 3*f + 3*f. What is g(0)?
-7
Let m(n) be the second derivative of 0 - 1/12*n**4 + 0*n**2 + 2*n - 1/3*n**3. What is m(-2)?
0
Let d = -177 - -185. Let u(b) = b**2 - 6*b - 8. Give u(d).
8
Let z(b) = -b**3 + 2*b**2 + 3*b - 3. Suppose 0 = r + 4*i - 2, 0*r + 3*i + 21 = 3*r. Suppose -2*a = -r*a. Suppose -12 + a = -4*m. Determine z(m).
-3
Let a(l) = -9*l - 15. Let o(q) = 4*q + 7. Let b(w) = -3*a(w) - 7*o(w). Calculate b(4).
-8
Let v(d) = d**2 - 10*d - 5 + 4*d + 12*d. Give v(-6).
-5
Let a be (-4)/(1 + 0 - 2). Let o(q) = -q**2 - 2*q - 2. Let s(b) = b + 1. Let k(w) = -3*w - 3. Let p(h) = -k(h) - 2*s(h). Let l(r) = a*p(r) - o(r). Give l(-4).
-2
Let h(j) = -j**2 + 9*j + 10. Suppose -4*b + 28 = i, b - 5*i = 3*b + 4. Determine h(b).
18
Let z(y) = 2*y + 1. Suppose -5*c + 30 = 5. Suppose 0*h + 5 = c*h. Let i = -6 + h. Determine z(i).
-9
Let z(u) = u**3 - 5*u**2 - 6*u + 6. Suppose 2*s + n - 5 - 2 = 0, -5*s + 45 = -3*n. What is z(s)?
6
Let g(v) be the second derivative of v**5/20 - v**4/4 - v**3/3 + v**2 + 3*v. Suppose 3*d - 34 = -5*f, 3 - 4 = 3*d - 2*f. Calculate g(d).
-4
Let k(w) = w - 4. Let z(s) = -3*s + 13. Let a(m) = 11*k(m) + 4*z(m). Suppose -4*j + 31 - 11 = -2*x, -4*j - 2*x + 12 = 0. Calculate a(j).
4
Let n = 2 - 0. Let p(l) = -2*l - 3 + n - 2. Suppose 0 = -2*m - 2*m - 5*b + 2, 4*m = -4*b. Give p(m).
1
Let i = 11 - 11. Let p(h) = -5 + 1 - 3 + h. Determine p(i).
-7
Suppose -3*l = -7*l - 8. Let r be (l/(-2))/(1/(-5)). Let t(v) = 2*v**3 + 4*v**2 - v**3 - 6*v + 2*v + 6. Calculate t(r).
1
Let z(p) = -p**2 + 5*p - 4. Let g(i) = -i**3 + 13*i**2 + 12*i + 32. Let l be g(14). What is z(l)?
0
Let b(j) = j**2 + 1. Let z be 1 + -1 + -2 + (3 - -2). Give b(z).
10
Suppose 9 = h - 4*h, -9 = 2*q + 5*h. Suppose 2*i + 4*v = 5*i - 19, 13 = i - q*v. Let x(f) be the first derivative of -5*f**3/3 + f**2/2 - f + 1. What is x(i)?
-5
Let v(y) = -15 - y + 2 + 9 + 6. Suppose -n + 20 = 5*j - 0, 3*n = 2*j - 25. What is v(j)?
-3
Let u(d) = -4 + 3*d**2 + 7*d - 2*d**2 + 0 + 3. Calculate u(-3).
-13
Let w(j) = j**3 - j. Let t(y) = 3*y**3 - 2*y**2 + y - 3. Let x(l) = t(l) - 4*w(l). Give x(-4).
9
Let r(y) = y + 2. Let a(b) = b**2 - 15*b + 9. Let o be a(14). Determine r(o).
-3
Let u = 10 - 5. Suppose 40 = -3*a + u*q, 4*q - 4 - 1 = -3*a. Let w(y) = y**2 + 4*y - 3. Give w(a).
2
Suppose 14 = -y - 4*h, h = -8*y + 3*y + 6. Let u(l) be the first derivative of -2 + 4/3*l**3 - 1/4*l**4 - l**y + 4*l. Calculate u(3).
7
Let i(x) = 5*x**2 - x**3 + 4*x - 8*x - 4 + 0*x**3. Suppose 5*q + 7 = 22. Suppose 2*y - 3*z - 2 = 0, -z + 6 = q*y - 8. What is i(y)?
-4
Let w(i) be the first derivative of i**4/4 - 8*i**3/3 + 5*i**2/2 + 8*i - 4. What is w(7)?
-6
Let r be 27/(-2)*(-2)/3. Let h be r/6 - 9/(-6). Suppose 0 = -3*c - 3*w - h, 0 = -4*c - 3*w - 0 - 4. Let g(t) = 5*t**3 - 2*t**2 - 2*t - 1. What is g(c)?
-6
Let v(i) = 2*i**3 + 3*i**2 - 3*i - 1. Let z(r) = -4*r**3 - 7*r**2 + 6*r + 1. Let l(o) = 5*v(o) + 2*z(o). Determine l(-2).
-9
Let g(d) = d**3 - d - 6. Let t = 61 - 61. Determine g(t).
-6
Let x(h) = -h**2 + 2*h - 12 + 0*h + h + 6*h. Calculate x(8).
-4
Suppose 2 = n - 4*m, 0*n - 6 = -3*n - m. Let h(y) = -y**3 + 3*y**2 - 2*y. Calculate h(n).
0
Let g(y) = 16*y**3 + 4 + 0*y**2 + 2*y**2 + y - 2*y - 15*y**3. What is g(-3)?
-2
Let u(m) = -2*m + 4. Suppose 2*w - 3*o + 4 - 9 = 0, -2*o = w + 1. Suppose -4 + 1 = t + 3*a, -w = -t - a. What is u(t)?
-2
Suppose 4*u - 3 - 9 = 0, -3*u = 3*d + 6. Let g(x) = x**3 - x**2 - 1. Let l(q) = -6*q**3 + 6*q**2 - q + 5. Let m(w) = d*g(w) - l(w). What is m(2)?
6
Let a(y) = y**2 - 21*y - 16. Let p be a(22). Let f(g) = 2*g - 7. Determine f(p).
5
Let o(m) = 9*m - 11. Let c be o(0). Let s(d) = -d - 8. Determine s(c).
3
Let k be (-4)/(-1) + (-32)/4. Let n(c) = c**2 + 3*c - 5. Give n(k).
-1
Let x(q) = 2 - 4 - 3*q - 2 + 0*q. Determine x(-6).
14
Let a(j) be the first derivative of -1/6*j**3 - 2 + 7/2*j**2 + j. Let d(i) be the first derivative of a(i). Determine d(5).
2
Suppose -2*r = -2*t - 2, 0 = -0*r - 3*r. Let g(h) = h**3 - h**2. Let f(i) = -5*i**3 + 3*i + 7. Let j(k) = t*f(k) - 6*g(k). Calculate j(5).
3
Let n(x) be the second derivative of 5*x**3/6 - x**2/2 - 24*x. Determine n(-1).
-6
Let r be (-108)/(-24) - (-1)/2. Let c(n) be the first derivative of n**4/4 - 2*n**3 + 5*n**2/2 + 5*n + 1. Calculate c(r).
5
Suppose 5*w - 1 = 19. Suppose -9 = 3*q + k, 4*q - w*k + 2*k = -12. Let o(v) = -3*v - 4. Determine o(q).
5
Let f(s) be the second derivative of 1/20*s**5 - 1/2*s**2 - 1/6*s**3 + 0 + 5/12*s**4 - 6*s. Calculate f(-5).
4
Let h(l) be the first derivative of -l**4/4 + 2*l**3 + l**2 - 9*l - 38. Determine h(6).
3
Let h = 11 - 15. Let f(u) be the first derivative of -u**5/60 - 5*u**4/24 - u**3 + 3*u**2/2 + 4. Let n(q) be the second derivative of f(q). Determine n(h).
-2
Let j(w) = 3*w**2 + 0*w - 2*w - w**3 + 0*w**2 - 1 - 4*w**2. Give j(-1).
1
Let b(m) = -65 + 61 + 2*m**2 - 3*m**2 + 9*m. What is b(8)?
4
Let o(d) be the second derivative of d**3/2 - d**2/2 + 31*d. Calculate o(-2)